185 + -2778?
-2930
In base 4, what is -12 + -333012213?
-333012231
In base 12, what is -34b6 + -a?
-3504
In base 16, what is -1 + 1b9b?
1b9a
In base 9, what is -11 + -2400?
-2411
In base 15, what is -1 - 49507?
-49508
In base 10, what is 19 + -3461?
-3442
In base 13, what is -78a12 - 1?
-78a13
In base 14, what is 69 + -5ab?
-542
In base 12, what is 8954 + 0?
8954
In base 12, what is -1633 + -6?
-1639
In base 6, what is 315331 + 5?
315340
In base 11, what is 2884 + 122?
29a6
In base 11, what is -6158 - 41?
-6199
In base 5, what is -242040311 - -4?
-242040302
In base 11, what is 0 - 295a9?
-295a9
In base 6, what is -1 + 11204321?
11204320
In base 7, what is 3451233 + 3?
3451236
In base 6, what is 1 - -104354?
104355
In base 9, what is -273 - 11101?
-11374
In base 10, what is 60314 - 1?
60313
In base 10, what is -209 - -517?
308
In base 3, what is 22220111 - 10100?
22210011
In base 14, what is 3 - 13b?
-138
In base 10, what is -174486 - 0?
-174486
In base 16, what is 790 - -22c?
9bc
In base 8, what is -255651 + 1?
-255650
In base 13, what is -3 - -14516?
14513
In base 15, what is 1db - 2c8?
-dc
In base 14, what is -4d0 - -417?
-b7
In base 10, what is -39 - -336?
297
In base 7, what is -5 + -1131462?
-1131500
In base 7, what is 20211 + 122?
20333
In base 15, what is -bcc30 - -1?
-bcc2e
In base 11, what is -1aaa + -8?
-2007
In base 10, what is -2 - -65539?
65537
In base 13, what is 1 + -6a1?
-6a0
In base 15, what is 4 - 21401?
-213ec
In base 4, what is 0 - -1013120?
1013120
In base 3, what is -22221012 + -21?
-22221110
In base 5, what is 2013320 + -1?
2013314
In base 8, what is -1056147 - -2?
-1056145
In base 11, what is -45 + 329?
294
In base 9, what is 53038 - -1?
53040
In base 11, what is 1 + 524141?
524142
In base 10, what is -1488746 + -4?
-1488750
In base 5, what is 3122 - 214?
2403
In base 5, what is -11001 - 210?
-11211
In base 16, what is d0 - 2c?
a4
In base 13, what is 4 - -45b?
462
In base 8, what is -24 - -303245?
303221
In base 7, what is 64136 - 52?
64054
In base 4, what is -1202 - 12021011?
-12022213
In base 3, what is -102220 - -120?
-102100
In base 2, what is 1100110011011 - -110?
1100110100001
In base 2, what is -1011000110011100 - 101?
-1011000110100001
In base 12, what is -25 - 41bb?
-4224
In base 5, what is -122100133 + 10?
-122100123
In base 10, what is 18475 - -4?
18479
In base 8, what is 1 + 257073?
257074
In base 3, what is 111212 - 1010?
110202
In base 11, what is -2195 + 9?
-2187
In base 10, what is 12512 - -3?
12515
In base 15, what is 77171 + 0?
77171
In base 15, what is -5 - e5e5?
-e5ea
In base 5, what is -420140 - -100?
-420040
In base 10, what is 243 + 6926?
7169
In base 15, what is -88 + -1659?
-16e2
In base 15, what is 27b1 - 2?
27ae
In base 9, what is 3284 - 168?
3115
In base 8, what is 0 - -1372?
1372
In base 14, what is -dc66 + 2?
-dc64
In base 14, what is 1182b7 + 0?
1182b7
In base 12, what is -9 + 1030?
1023
In base 11, what is -1603 + 549?
-1065
In base 9, what is -472 - -612?
130
In base 14, what is -968 + 16?
-952
In base 12, what is 2 - -128b36?
128b38
In base 7, what is 11 + 6311?
6322
In base 6, what is -15421441 + 0?
-15421441
In base 12, what is 44475 + -1?
44474
In base 7, what is -21432 + 22?
-21410
In base 8, what is 5357 + 1?
5360
In base 11, what is -1367 - -24?
-1343
In base 11, what is 17 + -a0574?
-a0558
In base 2, what is -100100101 + -11000110111?
-11101011100
In base 8, what is -5373262 + 5?
-5373255
In base 7, what is -1 + -304421?
-304422
In base 5, what is -243003 - 2?
-243010
In base 2, what is -11 - 101011110101011?
-101011110101110
In base 3, what is 2012020 - 12022?
1222221
In base 10, what is 390844 - -3?
390847
In base 11, what is 1 + -1099a?
-10999
In base 14, what is -191a4 + -1?
-191a5
In base 13, what is 558a - 5?
5585
In base 2, what is 11000 + 110011001?
110110001
In base 8, what is -2 - 32547?
-32551
In base 6, what is -112043 + -35?
-112122
In base 10, what is 5731 - 1?
5730
In base 5, what is -1111300 - 10?
-1111310
In base 5, what is -22311241 - -3?
-22311233
In base 7, what is -25 + -241225?
-241253
In base 9, what is 77417 + 7?
77425
In base 6, what is -1032 + -2032?
-3104
In base 6, what is 3 + 255551?
255554
In base 11, what is -16982 + 3?
-1697a
In base 10, what is -151 - -32271?
32120
In base 10, what is -3268 + 366?
-2902
In base 15, what is d + 56a?
578
In base 12, what is -1656 + 28?
-162a
In base 13, what is 12a5a + 3?
12a60
In base 6, what is 1110 + 20414?
21524
In base 12, what is -4287 + 4?
-4283
In base 2, what is -11 - -1010100101101000?
1010100101100101
In base 10, what is 933 - -51?
984
In base 8, what is 5406 + 160?
5566
In base 4, what is 2 + -1122031?
-1122023
In base 3, what is 2021 + -2002001112?
-2001222021
In base 6, what is -3 - -4121114?
4121111
In base 6, what is 2 + 1245024?
1245030
In base 4, what is -13121 - -2030?
-11031
In base 4, what is -1 - -1223022?
1223021
In base 6, what is 10244 + -1502?
4342
In base 15, what is 5 + 26e6?
26eb
In base 15, what is 33ee + -d?
33e1
In base 8, what is -40310075 - 0?
-40310075
In base 13, what is -15 - -c6?
b1
In base 7, what is 1120 + -105?
1012
In base 16, what is -849 + 14?
-835
In base 4, what is 21033110 - 10?
21033100
In base 15, what is -eea + -3a?
-1035
In base 4, what is 22233 - -103332?
132231
In base 8, what is 43645 - -10?
43655
In base 3, what is -101120 - -112001?
10111
In base 2, what is 1001111011 - -110010110?
10000010001
In base 11, what is 177a4 - 4?
177a0
In base 2, what is -101001 + -11111001111?
-11111111000
In base 10, what is -1139 - -35?
-1104
In base 6, what is -4104250 + -12?
-4104302
In base 15, what is -4 + -377e5?
-377e9
In base 16, what is 5 - -2bcce?
2bcd3
In base 11, what is 727 + 14?
740
In base 4, what is -2120 - 1010130?
-1012310
In base 13, what is 36503 - 4?
364cc
In base 10, what is -71221 + -23?
-71244
In base 8, what is -3 + -32306?
-32311
In base 9, what is -4 - 1003368?
-1003373
In base 6, what is -1 + -101015?
-101020
In base 15, what is 1a9 + -a66?
-8ac
In base 2, what is -10010010111010100 + 11?
-10010010111010001
In base 16, what is 573 + -3a?
539
In base 8, what is 21570 - -16?
21606
In base 3, what is 201212210 + 10?
201212220
In base 11, what is -52 + 1a125?
1a083
In base 7, what is -131 + 20531?
20400
In base 3, what is 10211002101 - 1000?
10211001101
In base 5, what is -43000314 + 2?
-43000312
In base 4, what is 11 - 21210112?
-21210101
In base 16, what is -299 + -43e?
-6d7
In base 2, what is 1011111110 - 1010011110?
1100000
In base 15, what is -4a3 + -15?
-4b8
In base 3, what is 21110112 + 22?
21110211
In base 11, what is 1910 + 5?
1915
In base 5, what is -424 + 101?
-323
In base 2, what is -11000101001 - 1011111?
-11010001000
In base 16, what is -b76 + 46?
-b30
In base 11, what is 762821 + -4?
762818
In base 10, what is 516 + -1373?
-857
In base 12, what is 20 - 2512?
-24b2
In base 6, what is 354 + -20315?
-15521
In base 11, what is 1058929 - -1?
105892a
In base 8, what is -5 + 7437?
7432
In base 12, what is 20798a + 0?
20798a
In base 8, what is -7 + 54552?
54543
In base 16, what is -5 + 2c30?
2c2b
In base 9, what is 4514 - -48?
4563
In base 13, what is -5 - -3c07?
3c02
In base 2, what is 101111 + -1100110?
-110111
In base 12, what is -4b48 + 45?
-4b03
In base 13, what is 1 - -172b?
172c
In base 7, what is -2050 - 56?
-2136
In base 16, what is 36 + 163?
199
In base 15, what is 5 + 3622?
3627
In base 16, what is -4f + -2230?
-227f
In base 12, what is -1 + -75978?
-75979
In base 13, what is -2 + -42a0?
-42a2
In base 5, what is -2330221 + 13?
-2330203
In base 2, what is -1011101001001100 - -11?
-1011101001001001
In base 8, what is -341706 - 0?
-341706
In base 7, what is -1 - 1020424?
-1020425
In base 7, what is 1216040 + 2?
1216042
In base 16, what is -279 + -4f?
-2c8
In base 12, what is -372 + 755?
3a3
In base 3, what is -21120222 - -11112?
-21102110
In base 10, what is -196 - -771?
575
In base 11, what is -649 - 981?
-151a
In base 5, what is 10 + -10212441?
-10212431
In base 8, what is 111 - 10200?
-10067
In base 13, what is -20260 - 3?
-20263
In base 6, what is -25 - -45421?
45352
In base 14, what is -bd - 41?
-120
In base 2, what is -100010001100101010 - 11?
-100010001100101101
In base 10, what is -10 + -306?
-316
In base 16, what is -548f - -e?
-